 the thousands digit of 1441241?
1
What is the units digit of 28508?
8
What is the hundred thousands digit of 588615?
5
What is the thousands digit of 758515?
8
What is the millions digit of 2573261?
2
What is the hundred thousands digit of 545127?
5
What is the hundred thousands digit of 205556?
2
What is the thousands digit of 4940008?
0
What is the thousands digit of 78852?
8
What is the hundreds digit of 3847732?
7
What is the units digit of 1706909?
9
What is the hundreds digit of 1281858?
8
What is the millions digit of 2102879?
2
What is the ten thousands digit of 480365?
8
What is the ten thousands digit of 7782451?
8
What is the thousands digit of 1226889?
6
What is the ten millions digit of 21345073?
2
What is the tens digit of 630776?
7
What is the ten thousands digit of 1033996?
3
What is the tens digit of 814106?
0
What is the units digit of 10883156?
6
What is the tens digit of 197776?
7
What is the hundred thousands digit of 2640487?
6
What is the hundreds digit of 14074004?
0
What is the tens digit of 2712396?
9
What is the thousands digit of 118175?
8
What is the tens digit of 5052693?
9
What is the hundred thousands digit of 251415?
2
What is the thousands digit of 16993570?
3
What is the hundred thousands digit of 756850?
7
What is the tens digit of 642399?
9
What is the hundred thousands digit of 3199179?
1
What is the ten thousands digit of 21125381?
2
What is the hundred thousands digit of 193909?
1
What is the tens digit of 3397830?
3
What is the hundred thousands digit of 1127669?
1
What is the thousands digit of 222755?
2
What is the thousands digit of 329521?
9
What is the ten thousands digit of 40792695?
9
What is the thousands digit of 4073448?
3
What is the thousands digit of 275143?
5
What is the thousands digit of 10817065?
7
What is the millions digit of 2357383?
2
What is the units digit of 225346?
6
What is the thousands digit of 1158061?
8
What is the thousands digit of 359043?
9
What is the hundreds digit of 87926?
9
What is the hundreds digit of 4912621?
6
What is the hundreds digit of 90104?
1
What is the hundreds digit of 614356?
3
What is the hundred thousands digit of 28917130?
9
What is the tens digit of 78761?
6
What is the hundred thousands digit of 13103727?
1
What is the hundreds digit of 6018?
0
What is the tens digit of 1181328?
2
What is the tens digit of 7484?
8
What is the ten thousands digit of 20551?
2
What is the ten thousands digit of 1336149?
3
What is the units digit of 9681148?
8
What is the ten thousands digit of 19627252?
2
What is the units digit of 142751?
1
What is the millions digit of 4390499?
4
What is the thousands digit of 463933?
3
What is the hundreds digit of 276469?
4
What is the thousands digit of 108482?
8
What is the ten thousands digit of 120979?
2
What is the hundreds digit of 2311099?
0
What is the tens digit of 458492?
9
What is the units digit of 31022867?
7
What is the millions digit of 1532030?
1
What is the units digit of 193181?
1
What is the ten thousands digit of 4147447?
4
What is the millions digit of 2525291?
2
What is the hundred thousands digit of 9097631?
0
What is the units digit of 5706442?
2
What is the tens digit of 663115?
1
What is the ten thousands digit of 5864222?
6
What is the units digit of 7753581?
1
What is the thousands digit of 179090?
9
What is the millions digit of 2306452?
2
What is the thousands digit of 4148430?
8
What is the thousands digit of 6145227?
5
What is the thousands digit of 1130919?
0
What is the thousands digit of 68553?
8
What is the units digit of 1394124?
4
What is the hundred thousands digit of 3343642?
3
What is the thousands digit of 33202456?
2
What is the ten thousands digit of 1012782?
1
What is the thousands digit of 202916?
2
What is the hundreds digit of 222759?
7
What is the thousands digit of 58573?
8
What is the tens digit of 24118005?
0
What is the thousands digit of 75594?
5
What is the thousands digit of 731098?
1
What is the ten thousands digit of 815075?
1
What is the thousands digit of 413840?
3
What is the hundred thousands digit of 442960?
4
What is the ten thousands digit of 851827?
5
What is the hundred thousands digit of 211151?
2
What is the ten thousands digit of 2560804?
6
What is the hundreds digit of 1423854?
8
What is the hundred thousands digit of 13858324?
8
What is the tens digit of 27862?
6
What is the tens digit of 47640?
4
What is the hundreds digit of 257308?
3
What is the tens digit of 156790?
9
What is the hundreds digit of 631530?
5
What is the units digit of 824381?
1
What is the ten thousands digit of 8444330?
4
What is the millions digit of 3376197?
3
What is the hundred thousands digit of 171008?
1
What is the millions digit of 1030205?
1
What is the ten thousands digit of 740385?
4
What is the hundreds digit of 188561?
5
What is the thousands digit of 42554?
2
What is the ten millions digit of 19579419?
1
What is the tens digit of 301850?
5
What is the millions digit of 5832459?
5
What is the ten thousands digit of 6703882?
0
What is the tens digit of 39829?
2
What is the tens digit of 611453?
5
What is the ten thousands digit of 136689?
3
What is the hundred thousands digit of 1020257?
0
What is the hundreds digit of 6787035?
0
What is the millions digit of 10322209?
0
What is the hundreds digit of 762099?
0
What is the hundred thousands digit of 932275?
9
What is the tens digit of 537927?
2
What is the hundred thousands digit of 263255?
2
What is the thousands digit of 2550414?
0
What is the hundred thousands digit of 20415765?
4
What is the hundred thousands digit of 2205085?
2
What is the hundred thousands digit of 346472?
3
What is the hundred thousands digit of 124053?
1
What is the thousands digit of 1062453?
2
What is the ten thousands digit of 137531?
3
What is the hundred thousands digit of 324442?
3
What is the hundred thousands digit of 17193743?
1
What is the units digit of 3192422?
2
What is the tens digit of 76541?
4
What is the tens digit of 7208892?
9
What is the hundreds digit of 688752?
7
What is the thousands digit of 335607?
5
What is the units digit of 6667722?
2
What is the tens digit of 20416?
1
What is the thousands digit of 1033552?
3
What is the thousands digit of 651464?
1
What is the units digit of 638503?
3
What is the units digit of 295410?
0
What is the ten thousands digit of 53736?
5
What is the thousands digit of 3232553?
2
What is the ten thousands digit of 222672?
2
What is the tens digit of 360770?
7
What is the tens digit of 3370143?
4
What is the ten thousands digit of 211659?
1
What is the hundred thousands digit of 119454?
1
What is the hundred thousands digit of 629901?
6
What is the thousands digit of 1090239?
0
What is the hundreds digit of 3509389?
3
What is the ten thousands digit of 268612?
6
What is the tens digit of 319998?
9
What is the hundred thousands digit of 278760?
2
What is the thousands digit of 12686812?
6
What is the ten thousands digit of 2431925?
3
What is the tens digit of 15773329?
2
What is the units digit of 1563560?
0
What is the units digit of 238494?
4
What is the hundreds digit of 923336?
3
What is the units digit of 246370?
0
What is the ten thousands digit of 1227952?
2
What is the millions digit of 3369822?
3
What is the ten thousands digit of 2873236?
7
What is the units digit of 224767?
7
What is the hundred thousands digit of 2353839?
3
What is the thousands digit of 5249457?
9
What is the hundreds digit of 255484?
4
What is the tens digit of 6787606?
0
What is the millions digit of 3989233?
3
What is the units digit of 289412?
2
What is the hundreds digit of 2456851?
8
What is the ten thousands digit of 186426?
8
What is the ten thousands digit of 19464592?
6
What is the millions digit of 22798216?
2
What is the hundreds digit of 819515?
5
What is the tens digit of 1223161?
6
What is the units digit of 8123469?
9
What is the hundred thousands digit of 214630?
2
What is the thousands digit of 112474?
2
What is the hundreds digit of 35281261?
2
What is the ten thousands digit of 1334714?
3
What is the hundreds digit of 274148?
1
What is the tens digit of 565710?
1
What is the thousands digit of 249033?
9
What is the ten thousands digit of 84764?
8
What is the ten thousands digit of 31470?
3
What 